{"id":99,"date":"2014-04-08T22:03:17","date_gmt":"2014-04-08T20:03:17","guid":{"rendered":"https:\/\/www.procivicos.it\/protezione-civile-scientology\/?page_id=99"},"modified":"2023-04-14T17:31:50","modified_gmt":"2023-04-14T15:31:50","slug":"convenzione-molinette","status":"publish","type":"page","link":"https:\/\/www.procivicos.it\/protezione-civile-scientology\/chi-siamo\/convenzioni\/convenzione-molinette\/","title":{"rendered":"Convenzione Molinette"},"content":{"rendered":"<p style=\"text-align: center;\" align=\"LEFT\"><span style=\"font-size: medium;\"><b>CONVENZIONE PER IL SERVIZIO DI ASSISTENZA MORALE MORALE SVOLTO DALL&#8217;ASSOCIAZIONE PROCIVICOS ONLUS (volontari di protezione civile della comunit\u00e0 di scientology)PER DEGENTI MEMBRI DELLA CHIESA DI SCIENTOLOGY PRESSO L&#8217;AZIENDA OSPEDALIERO \u2013 UNIVERSITA&#8217; SAN GIOVANNI BATTISTA \u2013 MOLINETTE \u2013 DI TORINO<\/b><\/span><\/p>\n<p align=\"CENTER\"><span style=\"font-size: medium;\"><b>TRA<\/b><\/span><\/p>\n<p style=\"text-indent: 1.5em;\" align=\"LEFT\"><span style=\"font-size: medium;\">L&#8217;Azienda Ospedaliero Universitaria San Giovanni Battista di Torino Cod. Fisc. E Partita IVA 05438190018 rappresentata dal Direttore Amministratore Dr. Paolo GIUNTA \u2013 natoa Napoli il 28.11.1986 \u2013 Domiciliato, ai fini della presente convenzione, in Torino \u2013 C.so Bramante n.88.<\/span><\/p>\n<p align=\"CENTER\"><span style=\"font-size: medium;\"><b>E<\/b><\/span><\/p>\n<p style=\"text-indent: 1.5em;\" align=\"LEFT\"><span style=\"font-size: medium;\">l&#8217;Associazione PROCIVICOS ONLUS (volontari di protezione civile della comunit\u00e0 di scientology)&nbsp;con Sede Legale in Torino Via Villar, n.2 , C.F. n. 97540410012 rappresentata dal Presidente Sig. Giuseppe CICOGNA, nato a Tolmezzo (UD) il 18\/06\/1964, &#8211; Domiciliato, ai fini della presente convenzione, in Torino \u2013 Via Villar, n.2<\/span><\/p>\n<p align=\"CENTER\"><span style=\"font-size: medium;\"><b>PREMESSO<\/b><\/span><\/p>\n<p style=\"text-indent: 1.5em;\" align=\"LEFT\"><span style=\"font-size: medium;\">Che come associazione e nell&#8217;ambito territoriale della Regione Piemonte, l&#8217;Associazione PROCIVICOS onlus (volontari di protezione civile della comunit\u00e0 di scientology)&nbsp;rappresenta l&#8217;esigenza da parte dei membri della Chiesa di Scientology di veder loro garantita l&#8217;assistenza negli ospedali in applicazione degli art. 3 e 19 della Costituzione e dei principi enunciati dalla Dichiarazione Universale dei Diritti dell&#8217;Uomo.<\/span><\/p>\n<p align=\"CENTER\"><span style=\"font-size: medium;\"><b>1. DEFINIZIONE<\/b><\/span><\/p>\n<p style=\"text-indent: 1.5em;\" align=\"LEFT\"><span style=\"font-size: medium;\">L&#8217;assistenza fornita dal Volontario dell&#8217;Associazione pu\u00f2 essere descritta come l&#8217;aiuto competente e accurato somministrato ai membri della comunit\u00e0 di Scientology che per ragioni di malattia o lungo degenza sono ricoveranti presso una struttura ospedaliera e si interrogano sulle domande esistenziali fondamentali, come il senso della malattia, della vita e della morte. Tale assistenza \u00e8 assicurata attraverso l&#8217;ascolto ed il sostegno fraterno del degente cos\u00ec che possa meglio affrontare ed eventualmente superare la sua condizione.<\/span><\/p>\n<p style=\"text-align: center;\" align=\"LEFT\"><span style=\"font-size: medium;\"><b>2. IL VOLONTARIO<\/b><\/span><\/p>\n<p style=\"text-indent: 1.5em;\" align=\"LEFT\"><span style=\"font-size: medium;\">Per Volontario dell&#8217;Associazione si intende il ministro volontario laico che, riconosciuto e giudicato idoneo dal Consiglio Direttivo dell&#8217;Associazione, \u00e8 a tal fine accreditato presso la struttura ospedaliera. Egli \u00e8 al servizio di ogni individuo, membro della Chiesa di Scientology che, nell&#8217;esercizio del proprio libero arbitrio, ne richieda espressamente l&#8217;intervento.<\/span><\/p>\n<p style=\"text-indent: 1.5em;\" align=\"LEFT\"><span style=\"font-size: medium;\">Il Volontario \u00e8 tenuto al segreto confessionale, in particolare nei confronti del paziente, dei suoi parenti e del personale dell&#8217;istituto. Questo vale anche nei confronti dello Stato, salvo gli obblighi previsti dalla legge. Il Volontario \u00e8 tenuto a mantenere la massima discrezione nei contatti che avvia nell&#8217;interesse del paziente.<\/span><\/p>\n<p style=\"text-indent: 1.5em;\" align=\"LEFT\"><span style=\"font-size: medium;\">Il Volontario non svolge in alcun modo alcuna opera di proselitismo all&#8217;interno della struttura ospedaliera, ritenendo ci\u00f2 profondamente contrario al buon senso.<\/span><\/p>\n<p align=\"CENTER\"><span style=\"font-size: medium;\"><b>3.RICHIESTA DI ASSISTENZA<\/b><\/span><\/p>\n<p style=\"text-indent: 1.5em;\" align=\"LEFT\"><span style=\"font-size: medium;\">Ogni paziente della struttura ospedaliera che sia membro della Chiesa di Scientology ha diritto all&#8217;assistenza da parte di un Volontario, qualora la richieda. Il degente che intende avvalersi di tale opportunit\u00e0 manifesta la propria richiesta verbalmente o per iscritto.<\/span><\/p>\n<p style=\"text-indent: 1.5em;\" align=\"LEFT\"><span style=\"font-size: medium;\">Per quanto possibile, il Volontario deve farsi conoscere dagli altri assistenti e dal personale della struttura ospedaliera affinch\u00e9 gli possano eventualmente essere tempestivamente segnalati o indirizzati altri casi.<\/span><\/p>\n<p align=\"CENTER\"><span style=\"font-size: medium;\"><b>4.MODALITA&#8217; DI SVOLGIMENTO DELL&#8217;ASSISTENZA<\/b><\/span><\/p>\n<p style=\"text-indent: 1.5em;\" align=\"LEFT\"><span style=\"font-size: medium;\">L&#8217;assistenza del Volontario \u00e8 presentata su base volontaria, negli orari concordati con la struttura ospedaliera. L&#8217;associazione, nei limiti delle sue possibilit\u00e0, cercher\u00e0 sempre di garantire un numero di Volontari sufficiente a far fronte alle richieste, assicurando la continuit\u00e0 del servizio.<\/span><\/p>\n<p align=\"CENTER\"><span style=\"font-size: medium;\"><b>5. RAPPORTI CON I PAZIENTI <\/b><\/span><\/p>\n<p style=\"text-indent: 1.5em;\" align=\"LEFT\"><span style=\"font-size: medium;\">Sebbene un membro della Chiesa di Scientology abbia conseguito una profonda consapevolezza di s\u00e9 in quanto entit\u00e0 immateriale separata dal corpo, lo stato di infermit\u00e0, temporaneo o definitivo, pu\u00f2 generare una condizione di difficolt\u00e0.<\/span><\/p>\n<p style=\"text-indent: 1.5em;\" align=\"LEFT\"><span style=\"font-size: medium;\">Il Volontario riconosce il valore e la dignit\u00e0 dell&#8217;individuo ed \u00e8 consapevole del fatto che il paziente ha il diritto al rispetto della sua persona e al riconoscimento della sua autonomia. Egli vuole stimolare nel degente la sua capacit\u00e0 di crescita e di sviluppo verso una presa di decisione autonoma e consapevole e non impone n\u00e9 visioni n\u00e9 soluzioni.<\/span><\/p>\n<p style=\"text-indent: 1.5em;\" align=\"LEFT\"><span style=\"font-size: medium;\">Il Volontario si trattiene dal proporre all&#8217;utente vantaggi non giustificati o di fare cattivo uso della sua posizione come consulente morale: non pu\u00f2 per principio ricevere dall&#8217;utente regali e vantaggi per il servizio prestato, a meno che il rifiuto di un regalo simbolico non danneggi l&#8217;utente nella percezione del proprio valore. In tal caso, il Volontario deve giudicare secondo coscienza; non pu\u00f2 in nessun caso invitare il paziente a compiere tali gesti.<\/span><\/p>\n<p style=\"text-indent: 1.5em;\" align=\"LEFT\"><span style=\"font-size: medium;\">Il servizio prestato dal Volontario pu\u00f2 essere esteso ai famigliari del degente, qualora richiesto.<\/span><\/p>\n<p align=\"CENTER\"><span style=\"font-size: medium;\"><b>6. RAPPORTI CON IL PERSONALE DELL&#8217;OSPEDALE<\/b><\/span><\/p>\n<p style=\"text-indent: 1.5em;\" align=\"LEFT\"><span style=\"font-size: medium;\">Il Volontario mantiene contatti con il personale dell&#8217;ospedale come necessario, al fine di migliorare la qualit\u00e0 del servizio assicurato al personale.<\/span><\/p>\n<p align=\"CENTER\"><span style=\"font-size: medium;\"><b>7. RAPPORTI CON GLI ALTRI VOLONTARI, ASSISTENTI MORALI E RELIGIOSI<\/b><\/span><\/p>\n<p style=\"text-indent: 1.5em;\" align=\"LEFT\"><span style=\"font-size: medium;\">Il Volontario ha un atteggiamento di collaborazione e rispetto nei confronti di ogni altro volontario e assistente operante nella struttura ospedaliera.<\/span><\/p>\n<p align=\"CENTER\"><span style=\"font-size: medium;\"><b>8. RAPPORTI CON LA STRUTTURA OSPEDALIERA<\/b><\/span><\/p>\n<p style=\"text-indent: 1.5em;\" align=\"LEFT\"><span style=\"font-size: medium;\">Il Volontario \u00e8 a disposizione della struttura ospedaliera per discutere di eventuali altre esigenze che si dovessero manifestare, come, ad esempio, i componenti da assumere in caso di decesso di persone che sono membri della Chiesa di Scientology.<\/span><\/p>\n<p align=\"CENTER\"><span style=\"font-size: medium;\"><b>9. PRIVACY<\/b><\/span><\/p>\n<p style=\"text-indent: 1.5em;\" align=\"LEFT\"><span style=\"font-size: medium;\">L&#8217;Associazione ed i volontari si impegnano a mantenere la riservatezza sui dati e documenti dei quali abbiano conoscenza, possesso e detenzione, direttamente connessi e derivanti dall&#8217;attivit\u00e0 svolta, in ottemperanza di quanto disposto dal D.Lgs.196\/03.<\/span><\/p>\n<p style=\"text-indent: 1.5em;\" align=\"LEFT\"><span style=\"font-size: medium;\">Ai sensi dell&#8217;art. 13 dal D.Lgs.196\/03 l&#8217;Azienda Ospedaliero Universitaria San Giovanni Battista rende noto che i dati che verranno comunicati per la stipula della presente convenzione saranno trattati, anche in forma elettronica, nel rispetto della normativa vigente in materia in tutela dei dati personali e utilizzati esclusivamente al raggiungimento delle finalit\u00e0 istituzionali. Sono comunque riconosciute all&#8217;Associazione le facolt\u00e0 di cui all&#8217;art.7 dal D.Lgs.196\/03.<\/span><\/p>\n<p align=\"CENTER\"><span style=\"font-size: medium;\"><b>10. ADEMPIMENTI D.Lgs 81\/08<\/b><\/span><\/p>\n<p style=\"text-indent: 1.5em;\" align=\"LEFT\"><span style=\"font-size: medium;\">Ai sensi dell&#8217;art 26 del D.Lgs 81\/08 s.m.i l&#8217;Associazione PROCIVICOS ONLUS (volontari di protezione civile della comunit\u00e0 di scientology)&nbsp;si far\u00e0 carico di fornire il materiale informativo sui rischi presenti in Ospedale ai propri volontari che svolgeranno l&#8217;attivit\u00e0 di <b>volontariato<\/b> presso l&#8217;Azienda Ospedaliera Universitaria San Giovanni Battista di Torino. Detto materiale, ottenibile tramite il link <a href=\"http:\/\/www.molinette.piemonte.it\/\" rel=\"nofollow noopener\" target=\"_blank\"><span style=\"text-decoration: underline;\">www.molinette.piemonte.it<\/span><\/a>, consiste nel Manuale dei Rischi, Piano di Emergenza per Esterni e Ditte, Indicazioni della Direzione Sanitaria e il modello B. <b>Quest&#8217;ultimo<\/b>, debitamente compilato in ogni sua parte e firmato dal volontario, sar\u00e0 trasmesso, unitamente all&#8217;elenco del personale di tirocinio, dall&#8217;Associazione PROCIVICOS (volontari di protezione civile della comunit\u00e0 di scientology) alla Struttura Complessa Affari Generali dell&#8217; A.O.U. San Giovanni Battista di Torino prima dell&#8217;inizio dell&#8217;attivit\u00e0.<\/span><\/p>\n<p style=\"text-indent: 1.5em;\" align=\"LEFT\"><span style=\"font-size: medium;\">I volontari si impegnano altres\u00ec a utilizzare correttamente il DPI necessari che saranno loro forniti dal personale delle strutture sanitarie presso le quali svolgeranno la loro attivit\u00e0.<\/span><\/p>\n<p style=\"text-indent: 1.5em;\" align=\"LEFT\"><span style=\"font-size: medium;\">Eventuali interferenze derivanti dall&#8217;attivit\u00e0 lavorativa saranno valutate congiuntamente prima dell&#8217;ingresso del personale nei luoghi di lavoro. <\/span><\/p>\n<p align=\"CENTER\"><span style=\"font-size: medium;\"><b>11. RECLAMI<\/b><\/span><\/p>\n<p style=\"text-indent: 1.5em;\" align=\"LEFT\"><span style=\"font-size: medium;\">I reclami anonimi non verranno presi in considerazione. Ogni reclamo verr\u00e0 trattato con la necessaria discrezione da ogni persona che ne venga a conoscenza. Il Volontario, verso il quale viene sporto reclamo, ha il diritto di fornire una propria versione dei fatti e tentare di ricomporre qualsiasi incomprensione che possa aver generato il reclamo stesso. Nel caso il reclamo risulti fondato e insanabile, l&#8217;Associazione provvede a sostituire il Volontario con altro ritenuto pi\u00f9 idoneo.<\/span><\/p>\n<p align=\"CENTER\"><span style=\"font-size: medium;\"><b>12. FORO COMPETENTE<\/b><\/span><\/p>\n<p style=\"text-indent: 1.5em;\" align=\"LEFT\"><span style=\"font-size: medium;\">Per ogni eventuale controversia derivante dalla presente convenzione sar\u00e0 esclusivamente competente il Foro di Torino.<\/span><\/p>\n<p align=\"CENTER\"><span style=\"font-size: medium;\"><b>13. DURATA<\/b><\/span><\/p>\n<p style=\"text-indent: 1.5em;\" align=\"LEFT\"><span style=\"font-size: medium;\">La presente convenzione avr\u00e0 la durata di anni uno, a decorrere dall&#8217;1.01.2011 e fino al 31.12.2011 e potr\u00e0 essere disdetta da una delle parti contraenti, almeno tre mesi prima della scadenza, a mezzo di lettera raccomandata R.R. <\/span><\/p>\n<p align=\"CENTER\"><span style=\"font-size: medium;\"><b>14. REGISTRAZIONE<\/b><\/span><\/p>\n<p style=\"text-indent: 1.5em;\" align=\"LEFT\"><span style=\"font-size: medium;\">La presente convenzione \u00e8 essente dall&#8217;imposta di bollo e dall&#8217;imposta del Registro ai sensi dell&#8217;art.8 Legge 11 agosto 1991 n.266.<\/span><\/p>\n<p><a href=\"http:\/\/www.procivicos.it\/wp-content\/uploads\/2014\/04\/convenzione-molinette.pdf\" target=\"_blank\" rel=\"noopener\">Convenzione molinette.pdf<\/a><\/p>\n","protected":false},"excerpt":{"rendered":"<p>CONVENZIONE PER IL SERVIZIO DI ASSISTENZA MORALE MORALE SVOLTO DALL&#8217;ASSOCIAZIONE PROCIVICOS ONLUS (volontari di protezione civile della comunit\u00e0 di scientology)PER DEGENTI MEMBRI DELLA CHIESA DI SCIENTOLOGY PRESSO L&#8217;AZIENDA OSPEDALIERO \u2013 UNIVERSITA&#8217; SAN GIOVANNI BATTISTA \u2013 MOLINETTE \u2013 DI TORINO TRA L&#8217;Azienda Ospedaliero Universitaria San Giovanni Battista di Torino Cod. Fisc. E Partita IVA 05438190018 rappresentata [&hellip;]<\/p>\n","protected":false},"author":1,"featured_media":0,"parent":82,"menu_order":0,"comment_status":"closed","ping_status":"closed","template":"","meta":{"site-sidebar-layout":"default","site-content-layout":"","ast-site-content-layout":"default","site-content-style":"default","site-sidebar-style":"default","ast-global-header-display":"","ast-banner-title-visibility":"","ast-main-header-display":"","ast-hfb-above-header-display":"","ast-hfb-below-header-display":"","ast-hfb-mobile-header-display":"","site-post-title":"","ast-breadcrumbs-content":"","ast-featured-img":"","footer-sml-layout":"","theme-transparent-header-meta":"","adv-header-id-meta":"","stick-header-meta":"","header-above-stick-meta":"","header-main-stick-meta":"","header-below-stick-meta":"","astra-migrate-meta-layouts":"default","ast-page-background-enabled":"default","ast-page-background-meta":{"desktop":{"background-color":"","background-image":"","background-repeat":"repeat","background-position":"center center","background-size":"auto","background-attachment":"scroll","background-type":"","background-media":"","overlay-type":"","overlay-color":"","overlay-opacity":"","overlay-gradient":""},"tablet":{"background-color":"","background-image":"","background-repeat":"repeat","background-position":"center center","background-size":"auto","background-attachment":"scroll","background-type":"","background-media":"","overlay-type":"","overlay-color":"","overlay-opacity":"","overlay-gradient":""},"mobile":{"background-color":"","background-image":"","background-repeat":"repeat","background-position":"center center","background-size":"auto","background-attachment":"scroll","background-type":"","background-media":"","overlay-type":"","overlay-color":"","overlay-opacity":"","overlay-gradient":""}},"ast-content-background-meta":{"desktop":{"background-color":"var(--ast-global-color-5)","background-image":"","background-repeat":"repeat","background-position":"center center","background-size":"auto","background-attachment":"scroll","background-type":"","background-media":"","overlay-type":"","overlay-color":"","overlay-opacity":"","overlay-gradient":""},"tablet":{"background-color":"var(--ast-global-color-5)","background-image":"","background-repeat":"repeat","background-position":"center center","background-size":"auto","background-attachment":"scroll","background-type":"","background-media":"","overlay-type":"","overlay-color":"","overlay-opacity":"","overlay-gradient":""},"mobile":{"background-color":"var(--ast-global-color-5)","background-image":"","background-repeat":"repeat","background-position":"center center","background-size":"auto","background-attachment":"scroll","background-type":"","background-media":"","overlay-type":"","overlay-color":"","overlay-opacity":"","overlay-gradient":""}},"footnotes":""},"class_list":["post-99","page","type-page","status-publish","hentry"],"_links":{"self":[{"href":"https:\/\/www.procivicos.it\/protezione-civile-scientology\/wp-json\/wp\/v2\/pages\/99"}],"collection":[{"href":"https:\/\/www.procivicos.it\/protezione-civile-scientology\/wp-json\/wp\/v2\/pages"}],"about":[{"href":"https:\/\/www.procivicos.it\/protezione-civile-scientology\/wp-json\/wp\/v2\/types\/page"}],"author":[{"embeddable":true,"href":"https:\/\/www.procivicos.it\/protezione-civile-scientology\/wp-json\/wp\/v2\/users\/1"}],"replies":[{"embeddable":true,"href":"https:\/\/www.procivicos.it\/protezione-civile-scientology\/wp-json\/wp\/v2\/comments?post=99"}],"version-history":[{"count":13,"href":"https:\/\/www.procivicos.it\/protezione-civile-scientology\/wp-json\/wp\/v2\/pages\/99\/revisions"}],"predecessor-version":[{"id":1066,"href":"https:\/\/www.procivicos.it\/protezione-civile-scientology\/wp-json\/wp\/v2\/pages\/99\/revisions\/1066"}],"up":[{"embeddable":true,"href":"https:\/\/www.procivicos.it\/protezione-civile-scientology\/wp-json\/wp\/v2\/pages\/82"}],"wp:attachment":[{"href":"https:\/\/www.procivicos.it\/protezione-civile-scientology\/wp-json\/wp\/v2\/media?parent=99"}],"curies":[{"name":"wp","href":"https:\/\/api.w.org\/{rel}","templated":true}]}}