{"id":997,"date":"2018-11-27T09:17:28","date_gmt":"2018-11-27T08:17:28","guid":{"rendered":"https:\/\/www.procivicos.it\/protezione-civile-scientology\/services\/"},"modified":"2023-05-31T14:12:58","modified_gmt":"2023-05-31T12:12:58","slug":"attivita","status":"publish","type":"page","link":"https:\/\/www.procivicos.it\/protezione-civile-scientology\/attivita\/","title":{"rendered":"Attivit\u00e0"},"content":{"rendered":"\n<h1>\n\t\t\t\tLe nostre attivit\u00e0\n\t\t\t<\/h1>\n\t<h2>\n\t\t\t\tL&#8217;impegno civile come valore da condividere\n\t\t\t<\/h2>\n\t\t\t<p>Si pu\u00f2 sempre fare qualcosa per migliorare le cose. Di sicuro c&#8217;\u00e8 una sola cosa che non si deve mai fare: non fare niente.<\/p>\t\n\t\t\t\t<a href=\"https:\/\/www.procivicos.it\/protezione-civile-scientology\/attivita\/supporto\/\" target=\"_self\" itemprop=\"url\" rel=\"noopener\">\n\t\t\t\t<img loading=\"lazy\" decoding=\"async\" src=\"https:\/\/www.procivicos.it\/protezione-civile-scientology\/wp-content\/uploads\/2014\/04\/P1090707.jpg\" alt=\"P1090707\" itemprop=\"image\" height=\"1920\" width=\"2560\" title=\"P1090707\" onerror=\"this.style.display='none'\">\n\t\t\t\t<\/a>\n\t<h5>\n\t\t\t\tSupporto Logistico\n\t\t\t<\/h5>\n\t\t\t<p>I nostri interventi di supporto logistico nell&#8217;ambito della protezione civile<\/p>\t\n\t\t\t\t<a href=\"https:\/\/www.procivicos.it\/protezione-civile-scientology\/attivita\/ambiente\/\" target=\"_self\" itemprop=\"url\" rel=\"noopener\">\n\t\t\t\t<img loading=\"lazy\" decoding=\"async\" src=\"https:\/\/www.procivicos.it\/protezione-civile-scientology\/wp-content\/uploads\/2017\/05\/Unknown-21.jpg\" alt=\"Unknown-21\" itemprop=\"image\" height=\"720\" width=\"1280\" title=\"Unknown-21\" onerror=\"this.style.display='none'\">\n\t\t\t\t<\/a>\n\t<h5>\n\t\t\t\tTutela dell&#8217;Ambiente\n\t\t\t<\/h5>\n\t\t\t<p>Le nostre iniziative per migliorare l&#8217;ambiente e creare un ambiente migliore e pi\u00f9 vivibile<\/p>\t\n\t\t\t\t<a href=\"https:\/\/www.procivicos.it\/protezione-civile-scientology\/attivita\/assistenza\/\" target=\"_self\" itemprop=\"url\" rel=\"noopener\">\n\t\t\t\t<img loading=\"lazy\" decoding=\"async\" src=\"https:\/\/www.procivicos.it\/protezione-civile-scientology\/wp-content\/uploads\/2014\/08\/IMG-20140806-WA0019.jpg\" alt=\"procivicos - protezione civile scientology\" itemprop=\"image\" height=\"960\" width=\"1280\" title=\"IMG-20140806-WA0019\" onerror=\"this.style.display='none'\">\n\t\t\t\t<\/a>\n\t<h5>\n\t\t\t\tSoccorso alla Popolazione\n\t\t\t<\/h5>\n\t\t\t<p>le nostre attivit\u00e0 di soccorso alla popolazione durante le calamit\u00e0<\/p>\t\n\t\t\t\t<a href=\"https:\/\/www.procivicos.it\/protezione-civile-scientology\/attivita\/partecipazione\/\" target=\"_self\" itemprop=\"url\" rel=\"noopener\">\n\t\t\t\t<img loading=\"lazy\" decoding=\"async\" src=\"https:\/\/www.procivicos.it\/protezione-civile-scientology\/wp-content\/uploads\/2017\/06\/m_1a47853a73.jpg\" alt=\"m_1a47853a73\" itemprop=\"image\" height=\"507\" width=\"900\" title=\"m_1a47853a73\" onerror=\"this.style.display='none'\">\n\t\t\t\t<\/a>\n\t<h5>\n\t\t\t\tPartecipazione Sociale\n\t\t\t<\/h5>\n\t\t\t<p>Le nostre iniziative per promuovere il buon senso e la responsabilit\u00e0 civile.<\/p>\n","protected":false},"excerpt":{"rendered":"<p>Le nostre attivit\u00e0 L&#8217;impegno civile come valore da condividere Si pu\u00f2 sempre fare qualcosa per migliorare le cose. Di sicuro c&#8217;\u00e8 una sola cosa che non si deve mai fare: non fare niente. Supporto Logistico I nostri interventi di supporto logistico nell&#8217;ambito della protezione civile Tutela dell&#8217;Ambiente Le nostre iniziative per migliorare l&#8217;ambiente e creare [&hellip;]<\/p>\n","protected":false},"author":1,"featured_media":0,"parent":0,"menu_order":0,"comment_status":"closed","ping_status":"closed","template":"","meta":{"site-sidebar-layout":"no-sidebar","site-content-layout":"page-builder","ast-site-content-layout":"default","site-content-style":"default","site-sidebar-style":"default","ast-global-header-display":"","ast-banner-title-visibility":"","ast-main-header-display":"","ast-hfb-above-header-display":"","ast-hfb-below-header-display":"","ast-hfb-mobile-header-display":"","site-post-title":"disabled","ast-breadcrumbs-content":"","ast-featured-img":"disabled","footer-sml-layout":"","theme-transparent-header-meta":"disabled","adv-header-id-meta":"","stick-header-meta":"","header-above-stick-meta":"","header-main-stick-meta":"","header-below-stick-meta":"","astra-migrate-meta-layouts":"default","ast-page-background-enabled":"default","ast-page-background-meta":{"desktop":{"background-color":"","background-image":"","background-repeat":"repeat","background-position":"center center","background-size":"auto","background-attachment":"scroll","background-type":"","background-media":"","overlay-type":"","overlay-color":"","overlay-opacity":"","overlay-gradient":""},"tablet":{"background-color":"","background-image":"","background-repeat":"repeat","background-position":"center center","background-size":"auto","background-attachment":"scroll","background-type":"","background-media":"","overlay-type":"","overlay-color":"","overlay-opacity":"","overlay-gradient":""},"mobile":{"background-color":"","background-image":"","background-repeat":"repeat","background-position":"center center","background-size":"auto","background-attachment":"scroll","background-type":"","background-media":"","overlay-type":"","overlay-color":"","overlay-opacity":"","overlay-gradient":""}},"ast-content-background-meta":{"desktop":{"background-color":"var(--ast-global-color-5)","background-image":"","background-repeat":"repeat","background-position":"center center","background-size":"auto","background-attachment":"scroll","background-type":"","background-media":"","overlay-type":"","overlay-color":"","overlay-opacity":"","overlay-gradient":""},"tablet":{"background-color":"var(--ast-global-color-5)","background-image":"","background-repeat":"repeat","background-position":"center center","background-size":"auto","background-attachment":"scroll","background-type":"","background-media":"","overlay-type":"","overlay-color":"","overlay-opacity":"","overlay-gradient":""},"mobile":{"background-color":"var(--ast-global-color-5)","background-image":"","background-repeat":"repeat","background-position":"center center","background-size":"auto","background-attachment":"scroll","background-type":"","background-media":"","overlay-type":"","overlay-color":"","overlay-opacity":"","overlay-gradient":""}},"footnotes":""},"class_list":["post-997","page","type-page","status-publish","hentry"],"_links":{"self":[{"href":"https:\/\/www.procivicos.it\/protezione-civile-scientology\/wp-json\/wp\/v2\/pages\/997"}],"collection":[{"href":"https:\/\/www.procivicos.it\/protezione-civile-scientology\/wp-json\/wp\/v2\/pages"}],"about":[{"href":"https:\/\/www.procivicos.it\/protezione-civile-scientology\/wp-json\/wp\/v2\/types\/page"}],"author":[{"embeddable":true,"href":"https:\/\/www.procivicos.it\/protezione-civile-scientology\/wp-json\/wp\/v2\/users\/1"}],"replies":[{"embeddable":true,"href":"https:\/\/www.procivicos.it\/protezione-civile-scientology\/wp-json\/wp\/v2\/comments?post=997"}],"version-history":[{"count":19,"href":"https:\/\/www.procivicos.it\/protezione-civile-scientology\/wp-json\/wp\/v2\/pages\/997\/revisions"}],"predecessor-version":[{"id":1641,"href":"https:\/\/www.procivicos.it\/protezione-civile-scientology\/wp-json\/wp\/v2\/pages\/997\/revisions\/1641"}],"wp:attachment":[{"href":"https:\/\/www.procivicos.it\/protezione-civile-scientology\/wp-json\/wp\/v2\/media?parent=997"}],"curies":[{"name":"wp","href":"https:\/\/api.w.org\/{rel}","templated":true}]}}